nits digit of n(9)?
9
Suppose -76*l = -21*l - 87615. What is the hundreds digit of l?
5
Let d = -86 - -129. Suppose -2*a + 4*o = -0*o - 126, -a + d = 2*o. Suppose 4*m + 108 = 3*t, -3*t + 2*m = -155 + a. What is the units digit of t?
2
Let q(a) = a**3 - 6*a**2 - 16*a + 1. Let f be q(8). What is the units digit of 0 - (f*-26 + 4)?
2
Suppose 5*p = 4*p + 36. Suppose -3*n + 0 = -p. What is the units digit of 27 - (n/2 + -3)?
4
Let i = 176 + 507. What is the units digit of i?
3
Let w = 2598 + -1609. What is the tens digit of w?
8
Let k(q) = -2*q**2 + 5*q - 3. Let v be k(3). What is the tens digit of ((-244)/12)/(2/v)?
6
Let j(q) = -399*q + 23. What is the hundreds digit of j(-1)?
4
Suppose 5*f = 5*o + 475, 5*o + 511 = -f + 36. Let z = o + 63. Let c = -8 - z. What is the units digit of c?
4
Let w(o) = 564*o**2 - 18*o + 18. What is the tens digit of w(1)?
6
Suppose 436 + 748 = 4*h. What is the units digit of h?
6
Let i = 39 - 20. Suppose 0 = 4*r - 21 - i. What is the tens digit of r?
1
Suppose 24*w - 3585 = -4*f + 25*w, 0 = -4*f - 5*w + 3603. What is the units digit of f?
7
Let m be (2050/15)/((-8)/(-12)). Suppose -3*u - 41 = -4*u - x, -5*u = -4*x - m. What is the tens digit of u?
4
Let m = -103 + 1601. What is the units digit of m?
8
Suppose -4*d - 3*j - 19 = 0, d + j - 7 = 3*d. Let z be -3*(-4)/d + -4. Let s = z - -10. What is the units digit of s?
3
Suppose 4*s - 95 = 3*s - k, 5*s - 425 = 5*k. What is the units digit of s?
0
Let k be (-2 - 4)*(-1)/2. Suppose 0 = -3*b, 5*j = k*b + b + 385. Let a = j - 45. What is the tens digit of a?
3
Let x(g) = 32*g**3 + g**2 + 4*g - 32. What is the thousands digit of x(5)?
4
Let l(z) = z**3 + 7*z**2 - 4*z - 7. Let u be l(-7). What is the tens digit of 4/(-14) + (-115)/(-35) + u?
2
Suppose 3*m + 7*p - 3*p = 1502, 4*m = -4*p + 2004. What is the units digit of m?
2
Suppose -6*f + 558 = -1236. What is the tens digit of f?
9
Suppose 0 = -4*r - 5*c + 5, 4*r - 5*r - 3*c - 4 = 0. Suppose -y - 3*s = -178, 3*y = -7*s + r*s + 548. What is the hundreds digit of y?
1
Suppose 2*i + 4*h = 1662 + 188, -5*h - 15 = 0. What is the units digit of i?
1
Let k = -10 - -12. Let f = 2 + k. What is the tens digit of 554/22 + f/(-22)?
2
Let v = -528 - -957. What is the hundreds digit of v?
4
Let l(u) = 1 + 4*u + 2*u**2 - 6*u - 5*u**3 + 21*u**3. What is the units digit of l(1)?
7
Let j = -71 + 74. What is the hundreds digit of 3861/26 - j/2?
1
Let d = -2659 + 4394. What is the hundreds digit of d?
7
Let q = 48 - 36. What is the tens digit of 388/6 + 4/q?
6
Let l = -601 - -1729. What is the hundreds digit of l?
1
What is the thousands digit of ((-46)/5)/((-68)/13260)?
1
Let h(w) = 3*w**2 - 32*w + 229. What is the units digit of h(13)?
0
Let h be 1*((4 - -1) + 0). Suppose h*k - 80 = 250. What is the tens digit of k?
6
Suppose 2*y - 3139 = -79. What is the units digit of y?
0
Let q be 7/21 - (-272)/3. Let o = 193 - q. What is the tens digit of o?
0
Let d = 26 - 14. What is the tens digit of (416/d)/(8/12)?
5
Let g(f) = f**3 - 11*f**2 + 8*f + 23. Let s be g(10). Suppose -t + 0*b + 68 = -b, s*b - 234 = -3*t. What is the units digit of t?
3
What is the hundreds digit of 6*19679/22 - 0?
3
Let j(d) be the second derivative of -d**5/20 - 3*d**4/4 - 2*d**3 - 6*d**2 + 109*d. Let v(f) = f - 14. Let b be v(6). What is the units digit of j(b)?
0
What is the hundreds digit of 8/10*(-1580)/(-8)?
1
Suppose -18 = -m - d - 5, -5*m + 56 = -4*d. Let g = 37 + m. What is the units digit of g?
9
Let z(h) = -h**3 - 6*h**2 - 31*h + 8. What is the units digit of z(-10)?
8
What is the units digit of (342/(-30))/(13/(-780))?
4
Suppose 1637 = 3*x - 4*n - 257, 3*x - 3*n = 1899. What is the units digit of x?
8
Let d be (-8)/(-16) + (-7)/(-2). Suppose -3*n + d = -n. Suppose 5*q - 62 = -4*z, -3*q = n*z - q - 32. What is the tens digit of z?
1
Let u(h) = 4*h**2 - 2 - 14*h - 19*h + 33*h. Let w be u(4). Let s = w + -36. What is the units digit of s?
6
Suppose -37*k + 15*k = -88286. What is the units digit of k?
3
Let k = -114 - -242. Suppose 4*y = -0*y - k. Let n = 55 + y. What is the units digit of n?
3
Let x = -7 + -20. Let p = 33 - 91. Let m = x - p. What is the tens digit of m?
3
Let o = 19 - -170. Suppose -5*y + o = -2*y. What is the units digit of y?
3
Let s be 20/3*(-10)/(-40)*9. Suppose 5*a + 3*z + 44 - 210 = 0, 5*z = -s. What is the units digit of a?
5
Suppose -42 = 2*q + 4*q. Let p(s) = -s + 1. What is the units digit of p(q)?
8
Suppose 0*d = 3*d - 2889. Suppose 344 + 226 = 3*k - 2*n, 5*k + n = d. What is the tens digit of k?
9
Let o = -84 + 57. Let b = o - -18. Let p(y) = -y**3 - 9*y**2 - 2*y - 13. What is the units digit of p(b)?
5
Let u = -93 + 143. What is the units digit of (-1 - u)/(-8 + 7)?
1
Let n(h) = 1548*h - 12. What is the units digit of n(1)?
6
Suppose 4180 = 18*z - 17006. What is the units digit of z?
7
Let o = -3 + 2. Let z = 792 - 791. What is the units digit of z*(-18 + 1)*o?
7
Let i = 119 + -67. Suppose 77 = 5*c - 3*l, -4*c + i = l - 13. Suppose 0 = 6*m - c - 20. What is the units digit of m?
6
Let w = 403 + 115. What is the hundreds digit of w?
5
Let r(o) = o**3 - o**2 - o + 2. Let n be r(0). Let a(u) = -3*u**2 + 2*u**n - u**2 + u**3 + u. What is the units digit of a(3)?
2
Let m = -52 + 55. Suppose -m*z + z = -220. What is the units digit of z?
0
Let k(i) = 2*i**2 + 19*i + 14. Let l be k(-9). What is the units digit of (-8*17/6)/(l/(-30))?
6
Suppose -2*l = -3*g + 11, -3*g - 7 = -6*g + l. Let p be g - ((0 - 5) + 3). What is the tens digit of (6/(-4))/(p/(-128))?
6
Let f(y) = -9*y + 7. Let z be f(-4). Let b = z - 40. What is the units digit of b?
3
Let s(t) = 6*t**2 - t - 3. Suppose -3*p - 4*u = -0*p + 5, 3*p - u + 10 = 0. What is the units digit of s(p)?
4
Suppose -16*f + 7664 = -0*f. What is the tens digit of f?
7
Let i be 14/2 - (-2 + 4). Suppose -9 = -n + i. Suppose n*s - 18*s + 8 = 0. What is the units digit of s?
2
Let p(u) = u**2 - 4*u - 60. Let i be p(-6). Let d be 5 - (0 - 0/3). Suppose -d*k + 200 = -i*k. What is the tens digit of k?
4
Let f(b) = 62*b**2 + 3*b - 6*b + b**3 - 54*b**2. What is the units digit of f(4)?
0
Let a = -23 - -25. Suppose 3*y - 4*t = -t + 30, 17 = a*y - 3*t. What is the units digit of y?
3
What is the tens digit of -12*(-19)/(-2)*(-110)/20?
2
Let v(s) = 8*s + 103. What is the units digit of v(-8)?
9
Suppose 0 = 10*c - 436 - 2074. What is the units digit of c?
1
Suppose -10*x = -4*x - 342. What is the units digit of x?
7
Suppose -58608 = -27*q - 17*q. What is the units digit of q?
2
Let h be 236/14 + (-5)/(-35). Let o = h + -14. What is the units digit of o?
3
Suppose -977 = 8*y - 2737. Suppose 2*j = 4*m - 624 - y, 4*m - 3*j = 848. What is the tens digit of m?
0
Suppose 2060 - 658 = 2*c. What is the hundreds digit of c?
7
Suppose l - 1054 = -158. What is the tens digit of l?
9
Let p = -34 + 31. Let v(q) = -3*q**3 - 4*q**2 - q + 1. What is the tens digit of v(p)?
4
Let f = -49 + 91. Suppose -17*r + 14*r = -f. What is the tens digit of r?
1
Let l(k) = 7*k**2 + 13*k - 4. Let p be l(-3). Suppose 0 = p*u - 19*u - 33. What is the tens digit of u?
3
Suppose -6*g + g + 770 = 0. Suppose -g = -2*s - 4*a, -22 = -5*a - 2. What is the tens digit of s?
6
What is the units digit of (-3 - -429) + (7 - 6)?
7
Let z = 8338 - 4426. What is the hundreds digit of z?
9
Let x be ((-3)/4)/((-9)/48). Suppose 92 = 2*a + a + x*j, -5*a - 5*j = -150. What is the units digit of a*(33/6 + -4)?
2
Let a(w) = -w. Let g be a(-4). Suppose -36 = g*f - 2*f. What is the units digit of f/(-4 - -2) - 1?
8
Suppose -i + 5*h = -1689, -6*h + 8535 = 5*i - h. What is the units digit of i?
4
Suppose 5*g + 80 = 13*g. Let q = g - -24. What is the units digit of q?
4
Let x = -88 - -90. Suppose -j + 450 = x*h + 3*j, -924 = -4*h + 4*j. What is the tens digit of h?
2
Let s(v) = v**2 + 4*v + 16. Suppose -10 = 5*m + 45. What is the tens digit of s(m)?
9
Suppose 18*b = -18*b + 22752. What is the hundreds digit of b?
6
Let z be (2 + 0)/((-5)/30). Let q be (6 + 0)/(z/(-6)). Suppose 0 = -0*d + q*d - 90. What is the units digit of d?
0
Let l be 4/14 + (-162)/(-21). Let u = l - 11. What is the units digit of (-4 - -8) + (-78)/u?
0
Let a(b) = b**3 + 3*b**2 + 3*b - 3. Let q be a(-6). What is the tens digit of q/(-6) + 3/6?
2
Suppose -3*p + 1609 = -2369. What is the thousands dig